v.
5, 7
Suppose -3*g + 152 = g - 4*d, -4*g + 132 = d. What are the prime factors of g?
2, 17
Suppose 64 = x + 2*i, x + i = -2*i + 63. List the prime factors of x.
2, 3, 11
Suppose -1 = -5*v - 16, 0 = -5*d - 4*v + 888. List the prime factors of d.
2, 3, 5
Let c(s) = s**3 + s + 5. Let j be c(0). Let f(w) = w**3 - 6*w**2 + 6*w + 6. List the prime factors of f(j).
11
Suppose 0 = -3*z + 4*a + 179, -z - 28 + 89 = -a. What are the prime factors of z?
5, 13
Let o = -17 - -34. Suppose -2 = 3*m - o. Suppose -y + m = -6. List the prime factors of y.
11
Suppose 2*i = -i. Let o(x) = x + 3. Let u be o(i). Suppose p - 3*j - u = -9, p + 14 = 5*j. List the prime factors of p.
2, 3
Let p be (-3 + 4)*0/2. Let d = 28 + -4. Suppose 2*z = -2*v - 2*v + d, p = -v - 5*z - 3. What are the prime factors of v?
7
Suppose -123 - 101 = -7*m. Suppose 5 = -4*j + 53. Suppose -3*h + m = -0*h + s, -2*h = -4*s - j. List the prime factors of h.
2, 5
Let y = -31 - -52. Suppose -2*d + y = -d. List the prime factors of d.
3, 7
Let o = 1 + 0. Suppose 4 = p + o, -m + 2*p - 4 = 0. Suppose 0*d + 14 = m*d. List the prime factors of d.
7
Let m(t) = -t + 10. Let v be m(11). Let h = 8 + v. What are the prime factors of h?
7
Suppose 14 = -3*n + 44. Suppose 23 + 7 = -5*x. Let t = x + n. What are the prime factors of t?
2
Suppose 0 = z - 2*i - 87, 2*z - i - 4*i = 175. What are the prime factors of z?
5, 17
What are the prime factors of (-1)/(-5 - 1) - 1342/(-12)?
2, 7
Let k be 4 + 1*(1 + 1). Let g(a) = a**3 + 6*a**2 + 7*a + 12. Let r be g(-5). Suppose r = 4*j - k. What are the prime factors of j?
2
Let q = 0 - -16. Let t = -11 + q. Suppose -t*l + l - 20 = -2*u, 4*l - 50 = -5*u. List the prime factors of u.
2, 5
Let m be (-4)/6*(-15)/2. Suppose 0 = s + 4*p, m*s = -0*s + p. Suppose s = 2*l + 8, 0 = b - 2*l - 22 - 1. What are the prime factors of b?
3, 5
What are the prime factors of 150/15*(-1)/(-1)?
2, 5
Let b(r) = -r**3 - 8*r**2 - 14*r - 17. List the prime factors of b(-7).
2
Suppose -4*h - 5 = -5*l, -5 = -2*l - 3*l + h. What are the prime factors of 13/4 - l/4?
3
Let u(s) be the third derivative of s**6/120 - s**4/12 + 23*s**3/3 - 4*s**2. What are the prime factors of u(0)?
2, 23
Let f(g) = g**2 + 9*g + 1. Suppose m - 6*m - 45 = 0. Let c be f(m). What are the prime factors of 12/((-3)/(-2)*c)?
2
Suppose -5*i + 268 = 2*u + 70, 3*u - 126 = -3*i. Suppose 5*v - i = -2*g - 1, -3*v + 35 = -2*g. What are the prime factors of v?
3
Let h be 3*-2*(-50)/3. List the prime factors of h/6 - 6/9.
2
Let k(f) = -f**3 - 15*f**2 - f - 15. Let j be k(-15). Suppose -5*m + 76 = 4*n, j = -4*n + 3*n + m + 28. List the prime factors of n.
2, 3
Let f(p) = p + 6. Let g be f(-6). Let q(z) = z + 5. Let i be q(-5). Suppose -t + i*t + 10 = g. List the prime factors of t.
2, 5
Let c = 14 + -12. Suppose -6 = 2*w, -c*n + 28 = 3*n + 4*w. List the prime factors of n.
2
Let m be ((-3)/(-6))/((-2)/4). List the prime factors of -2*(m/2 + -1).
3
Suppose 0 = -3*w, w = 2*p - 0*p - 8. Suppose 0*g + 160 = p*g. What are the prime factors of g?
2, 5
Let v(z) = 0 + 4*z - 2 + z**2 + 4 + 0*z**2. List the prime factors of v(-5).
7
Suppose 3*c - 3*x - 387 = 0, 0 = -0*x + 2*x + 6. Let h = c + -88. List the prime factors of h.
2, 19
Suppose -3*z + 5*z = -14. Let o = 3 - 1. Let t = o - z. List the prime factors of t.
3
Let z(k) = 14*k + 1. Let d be z(3). Suppose 0 = 5*o - 5*b - 65, -4*o + 3*b = 2*b - d. List the prime factors of o.
2, 5
Suppose 6*w - 16 = 86. What are the prime factors of w?
17
Let l(i) = i**2 + 4*i - 4. What are the prime factors of l(5)?
41
Let m(r) = -r**2 - 8*r - 8. What are the prime factors of m(-5)?
7
Let b(r) = r + 6. Let d be b(-3). Suppose 8 = 3*w + f, 4*w - 4*f = -d*f + 13. Suppose t - 4*l = 4 - w, 48 = 3*t + 3*l. List the prime factors of t.
13
Suppose 0 = 2*n - 5*r - 60, -6 = 3*r + 6. What are the prime factors of n?
2, 5
Suppose 2*f = -f + 45. What are the prime factors of f?
3, 5
Let g(p) = -15*p**2 - 7. Let r(n) = 8*n**2 + 3. Let j(x) = 4*g(x) + 9*r(x). What are the prime factors of j(1)?
11
Let t(m) = 2*m**2 + 3*m - 2. Let a(h) = -4*h**3 - h**2 + 1. Let u be a(-1). Suppose -5*s - 2 = -x, -s - 8 = x + u*s. What are the prime factors of t(x)?
7
Suppose 0 = -t - 0 + 53. List the prime factors of t.
53
Let c(h) be the third derivative of 4*h**2 + 0 + 1/120*h**6 - 5/12*h**4 + 0*h - h**3 + 1/10*h**5. What are the prime factors of c(-7)?
3, 5
Suppose -5*a - 25 = 5*u, 2 + 13 = -2*a - 3*u. Suppose a + 25 = -5*k. Let z = k - -8. List the prime factors of z.
3
Let z = 150 + -44. List the prime factors of z.
2, 53
Suppose a - 4*k = 6*a - 228, -2*a + 5*k + 111 = 0. Let r = 3 - 1. Suppose 0 = -3*l - r*l - 4*v + a, 0 = 2*l - 3*v - 33. What are the prime factors of l?
2, 3
Suppose 303 = m + 2*m. List the prime factors of m.
101
Let c = 58 - 40. Let f be 7/(-21)*c/(-2). Suppose 0 = -6*l + f*l + 18. What are the prime factors of l?
2, 3
Let z(d) = d. Let u(j) = 7*j - 1. Let o(n) = -u(n) - 2*z(n). What are the prime factors of o(-2)?
19
Let h = 162 - 95. List the prime factors of h.
67
Let t = 12 + 122. What are the prime factors of t?
2, 67
Let t = 68 + -11. What are the prime factors of t?
3, 19
Let a(y) = -y**2 + 4. Let z be a(0). Suppose 2*q + 0 = z. Suppose 3*o - q*t = -0*t + 23, -2*o + 4*t = -10. List the prime factors of o.
3
Let t(j) = -j**3 + j + 2. Let h = -4 - -2. What are the prime factors of t(h)?
2
Let b(o) = -7*o - 3. Let p(u) = 15*u + 7. Let a(s) = -5*b(s) - 2*p(s). Let k be a(1). Let q = 4 + k. What are the prime factors of q?
2, 5
Let h(j) = 2*j**3 - 2*j - 1. Let o = -2 + 2. Let k(i) = i**3 - i**2 + 2. Let p be k(o). What are the prime factors of h(p)?
11
Suppose -5*b + 419 = 2*p, 4*p - 11 - 246 = -3*b. Suppose -f + 5*v + 23 = 0, 3*f - b = v - 0*v. Suppose 3*w = 7*w - f. List the prime factors of w.
7
Let z(r) = 0*r + 0*r - 3 - 3*r + 2*r. What are the prime factors of z(-10)?
7
Suppose -x + 4*s = -15, 0*x = 4*x - 3*s - 21. Suppose x*v - 76 + 22 = 0. Suppose v = 5*b - w + 5*w, 0 = 5*b - w - 8. List the prime factors of b.
2
Let m(j) = -6*j**3 + j**2 - 2*j + 1. Let d be m(1). Let l be 0/(((-1)/1)/1). List the prime factors of l + (-3)/(d/4).
2
Let p(m) = 11*m**2 - 5*m - 3. What are the prime factors of p(3)?
3
Let o = -14 + 21. Let j = o - -25. What are the prime factors of j?
2
Let o(k) = k**2 - 2*k - 3. Suppose -i + 15 = 2*i. List the prime factors of o(i).
2, 3
Let p(z) = 20*z**2 + 15*z + 3. What are the prime factors of p(-4)?
263
Let q(i) = i + 7. Let g(j) = -j**2 - j + 2. Let r be g(1). List the prime factors of q(r).
7
What are the prime factors of (14/4 - 3)*248?
2, 31
Let k(c) = -c**2 + c + 20. What are the prime factors of k(0)?
2, 5
Let m(d) = 3*d. Let r be 6/(-4)*5*-2. Let u = r - 11. What are the prime factors of m(u)?
2, 3
Let c(d) = 5*d + 4. Let k(l) = 14*l + 11. Let w(f) = -17*c(f) + 6*k(f). Suppose 2*z = -3*p - 17, 0 = -p - 3*p + 5*z - 15. List the prime factors of w(p).
3
Suppose 5*v - 3*z = 10 + 12, -v + 10 = 5*z. What are the prime factors of v?
5
Let a(h) be the first derivative of h**3/3 - 2*h**2 + 4*h + 2. Let b be a(4). Suppose -v = -3*l + 16, l - v + 0*v - b = 0. What are the prime factors of l?
2, 3
Let d = 13 - 22. Let v = d - -16. What are the prime factors of 80/14 - (-2)/v?
2, 3
Let o(y) = 10*y + 9*y**3 - 2*y**3 + 0*y - 1. Let v(s) = -s**3 + s**2 - s. Let f(a) = o(a) + 6*v(a). List the prime factors of f(-5).
2
Let a(w) = w**2 + 5*w - 2. Let o be a(-6). Suppose 4*d - 2*h - 18 = 0, o*d - 4*h = 2*d + 12. List the prime factors of d.
2
List the prime factors of (13 + -13)/(-1 + 3) + 10.
2, 5
Let a(x) = x**2 - 7*x + 7. Let u be a(5). Let i = -46 + 33. List the prime factors of u - (-3 - 0) - i.
13
Suppose 44 = 3*f - 3*a - 64, 4*a - 26 = -f. What are the prime factors of f?
2, 17
Let z(u) = u + 21. Let a be z(0). Let v be (-4)/((-4)/a) - 2. Suppose 0 = 4*t - c - v - 15, -10 = -2*t - 3*c. What are the prime factors of t?
2
Let u(x) = x**2 + x - 8. Let s be u(-6). Let q = s - 13. Suppose 1 + q = 2*o - 2*c, 5*c + 15 = 0. List the prime factors of o.
2
Suppose 0 = 5*u + 5*p, 4*u = u - p + 6. Let d(q) = 2 + u*q - 2*q + 1. List the prime factors of d(8).
11
Suppose 5*c - 3*c - 5 = -l, 4*l - 9 = 3*c. List the prime factors of l.
3
Suppose 59 = -4*z - 25. Let l = -15 - z. Suppose m - 40 = -5*x,